{"id":403,"date":"2020-04-09T15:04:50","date_gmt":"2020-04-09T13:04:50","guid":{"rendered":"https:\/\/veto-95.fr\/?page_id=403"},"modified":"2020-04-13T14:14:52","modified_gmt":"2020-04-13T12:14:52","slug":"espace-veterinaires","status":"publish","type":"page","link":"https:\/\/veto-95.fr\/index.php\/espace-veterinaires\/","title":{"rendered":"Espace v\u00e9t\u00e9rinaire"},"content":{"rendered":"\n<div class=\"wp-block-media-text alignwide is-stacked-on-mobile is-image-fill\"><figure class=\"wp-block-media-text__media\" style=\"background-image:url(https:\/\/veto-95.fr\/wp-content\/uploads\/2020\/04\/IMG_20200409_180555046-768x1024.jpg);background-position:50% 50%\"><img loading=\"lazy\" decoding=\"async\" width=\"768\" height=\"1024\" src=\"https:\/\/veto-95.fr\/wp-content\/uploads\/2020\/04\/IMG_20200409_180555046-768x1024.jpg\" alt=\"\" class=\"wp-image-534\" srcset=\"https:\/\/veto-95.fr\/wp-content\/uploads\/2020\/04\/IMG_20200409_180555046-768x1024.jpg 768w, https:\/\/veto-95.fr\/wp-content\/uploads\/2020\/04\/IMG_20200409_180555046-225x300.jpg 225w, https:\/\/veto-95.fr\/wp-content\/uploads\/2020\/04\/IMG_20200409_180555046-1152x1536.jpg 1152w, https:\/\/veto-95.fr\/wp-content\/uploads\/2020\/04\/IMG_20200409_180555046-1536x2048.jpg 1536w, https:\/\/veto-95.fr\/wp-content\/uploads\/2020\/04\/IMG_20200409_180555046.jpg 1920w\" sizes=\"auto, (max-width: 767px) 89vw, (max-width: 1000px) 54vw, (max-width: 1071px) 543px, 580px\" \/><\/figure><div class=\"wp-block-media-text__content\">\n<p class=\"has-text-color has-drop-cap has-normal-font-size has-luminous-vivid-orange-color\">La mise en commun de nos exp\u00e9riences et comp\u00e9tences me semble primordiale pour offrir un service de qualit\u00e9 aux animaux.<\/p>\n\n\n\n<p class=\"has-drop-cap has-normal-font-size\">Aussi je souhaite proposer des mini- conf\u00e9rences au sein du cabinet, organis\u00e9es autour de cas cliniques qui posent probl\u00e8mes ou qui tiennent \u00e0 c\u0153ur.<\/p>\n\n\n\n<p class=\"has-text-color has-drop-cap has-normal-font-size has-luminous-vivid-orange-color\">N&rsquo;h\u00e9sitez pas \u00e0 me contacter via le formulaire du site ou le portable (<em>onglet contact<\/em>) pour organiser cela de mani\u00e8re sympathique, conviviale et confraternelle.<\/p>\n\n\n\n<p class=\"has-drop-cap has-normal-font-size\">Confraternellement et animalement v\u00f4tre<\/p>\n\n\n\n<p class=\"has-text-color has-text-align-center has-normal-font-size has-luminous-vivid-orange-color\">Dr.Aurore Rossfelder<\/p>\n<\/div><\/div>\n","protected":false},"excerpt":{"rendered":"<p>La mise en commun de nos exp\u00e9riences et comp\u00e9tences me semble primordiale pour offrir un service de qualit\u00e9 aux animaux. Aussi je souhaite proposer des mini- conf\u00e9rences au sein du cabinet, organis\u00e9es autour de cas cliniques qui posent probl\u00e8mes ou qui tiennent \u00e0 c\u0153ur. N&rsquo;h\u00e9sitez pas \u00e0 me contacter via le formulaire du site ou &hellip; <\/p>\n<p class=\"link-more\"><a href=\"https:\/\/veto-95.fr\/index.php\/espace-veterinaires\/\" class=\"more-link\">Continuer la lecture<span class=\"screen-reader-text\"> de &laquo;&nbsp;Espace v\u00e9t\u00e9rinaire&nbsp;&raquo;<\/span><\/a><\/p>\n","protected":false},"author":1,"featured_media":0,"parent":0,"menu_order":0,"comment_status":"closed","ping_status":"closed","template":"","meta":{"footnotes":""},"class_list":["post-403","page","type-page","status-publish","hentry"],"_links":{"self":[{"href":"https:\/\/veto-95.fr\/index.php\/wp-json\/wp\/v2\/pages\/403","targetHints":{"allow":["GET"]}}],"collection":[{"href":"https:\/\/veto-95.fr\/index.php\/wp-json\/wp\/v2\/pages"}],"about":[{"href":"https:\/\/veto-95.fr\/index.php\/wp-json\/wp\/v2\/types\/page"}],"author":[{"embeddable":true,"href":"https:\/\/veto-95.fr\/index.php\/wp-json\/wp\/v2\/users\/1"}],"replies":[{"embeddable":true,"href":"https:\/\/veto-95.fr\/index.php\/wp-json\/wp\/v2\/comments?post=403"}],"version-history":[{"count":16,"href":"https:\/\/veto-95.fr\/index.php\/wp-json\/wp\/v2\/pages\/403\/revisions"}],"predecessor-version":[{"id":821,"href":"https:\/\/veto-95.fr\/index.php\/wp-json\/wp\/v2\/pages\/403\/revisions\/821"}],"wp:attachment":[{"href":"https:\/\/veto-95.fr\/index.php\/wp-json\/wp\/v2\/media?parent=403"}],"curies":[{"name":"wp","href":"https:\/\/api.w.org\/{rel}","templated":true}]}}